{"id":134,"date":"2024-01-04T09:15:53","date_gmt":"2024-01-04T08:15:53","guid":{"rendered":"http:\/\/autourdesjardins.net\/?page_id=134"},"modified":"2026-03-27T11:31:07","modified_gmt":"2026-03-27T10:31:07","slug":"presentation","status":"publish","type":"page","link":"https:\/\/autourdesjardins.net\/","title":{"rendered":"Pr\u00e9sentation"},"content":{"rendered":"<h2 style=\"text-align: center;\"><a href=\"http:\/\/autourdesjardins.net\/wp-content\/uploads\/2026\/03\/Programme-2026.pdf\" target=\"_blank\" rel=\"noopener\">Ca y est le programme d&rsquo;activit\u00e9s 2026 est arriv\u00e9 !<\/a><\/h2>\n<h2 style=\"text-align: left;\"><span style=\"color: #800000;\">Ce site attend vos contributions en photos et en textes pour partager vos exp\u00e9riences vos id\u00e9es, vos visites de jardins, vos trucs et astuces, vos conseils \u00e0 partager avec tous&#8230;<\/span><\/h2>\n<h2>une seule adresse mail : <a href=\"mailto:contact@autourdesjardins.net\" target=\"_blank\" rel=\"noopener\">contact@autourdesjardins.net<\/a><\/h2>\n<h2 style=\"text-align: left;\">Notre<em> association propose \u00e0 ses adh\u00e9rents un \u00e9ventail de manifestations en rapport avec les jardins, conf\u00e9rences th\u00e9matiques, visites de jardins, ateliers d\u2019art floral, de savoir-faire, conseils de professionnels, troc de plantes, achats group\u00e9s, repas \u00e0 th\u00e8mes.<\/em><br \/>\n<em>Ces activit\u00e9s nous ont tout naturellement conduits \u00e0 nous r\u00e9unir autour du Domaine de l\u2019Abbaye de Thiron-Gardais afin d\u2019en renforcer l\u2019attrait touristique.<\/em><\/h2>\n<h2><em>C&rsquo;est ainsi que nous organisons des animations en rapport avec les v\u00e9g\u00e9taux qui y sont plant\u00e9s (taille, bouturage, jardin des simples, plantes tinctoriales, vente de la production du jardin).<\/em><\/h2>\n<h2 style=\"text-align: left;\"><em>Chaque ann\u00e9e, notre assembl\u00e9e g\u00e9n\u00e9rale a lieu fin mars, au domaine de l&rsquo;Abbaye \u00e0 Thiron-Gardais. C&rsquo;est l\u2019occasion pour nous d&rsquo;y pr\u00e9senter la nouvelle carte de membre, retenue par un jury \u00e0 partir des photos propos\u00e9es par nos adh\u00e9rents sur un th\u00e8me donn\u00e9.<\/em><\/h2>\n<h2><img decoding=\"async\" class=\" alignleft\" src=\"http:\/\/www.perchethironnais.com\/images\/pages\/domaine_abbaye\/autour_des_jardins4.jpg\" alt=\"\" align=\"right\"><\/h2>\n<h2><img decoding=\"async\" class=\" alignleft\" src=\"http:\/\/www.perchethironnais.com\/images\/pages\/domaine_abbaye\/autour_des_jardins2.jpg\" alt=\"\" align=\"right\"><\/h2>\n<h2><em>La cotisation de 15 euros pour l\u2019ann\u00e9e vous permettra de participer \u00e0 toutes les activit\u00e9s organis\u00e9es par l\u2019association.<\/em><\/h2>\n<h2 style=\"text-align: center;\"><strong><span style=\"color: #008000;\"><em> Pour nous rejoindre cliquer <a style=\"color: #008000;\" href=\"http:\/\/autourdesjardins.net\/?page_id=2\" target=\"_blank\" rel=\"noopener noreferrer\">ICI&nbsp;&nbsp;<\/a><\/em><\/span><\/strong><\/h2>\n","protected":false},"excerpt":{"rendered":"<p>Ca y est le programme d&rsquo;activit\u00e9s 2026 est arriv\u00e9 ! Ce site attend vos contributions en photos et en textes pour partager vos exp\u00e9riences vos id\u00e9es, vos visites de jardins, vos trucs et astuces, vos conseils \u00e0 partager avec tous&#8230; &hellip; <a href=\"https:\/\/autourdesjardins.net\/\">Continuer la lecture <span class=\"meta-nav\">&rarr;<\/span><\/a><\/p>\n","protected":false},"author":4,"featured_media":0,"parent":0,"menu_order":0,"comment_status":"closed","ping_status":"closed","template":"","meta":{"ngg_post_thumbnail":0,"spay_email":""},"jetpack_sharing_enabled":false,"jetpack_shortlink":"https:\/\/wp.me\/P3ExMr-2a","_links":{"self":[{"href":"https:\/\/autourdesjardins.net\/index.php?rest_route=\/wp\/v2\/pages\/134"}],"collection":[{"href":"https:\/\/autourdesjardins.net\/index.php?rest_route=\/wp\/v2\/pages"}],"about":[{"href":"https:\/\/autourdesjardins.net\/index.php?rest_route=\/wp\/v2\/types\/page"}],"author":[{"embeddable":true,"href":"https:\/\/autourdesjardins.net\/index.php?rest_route=\/wp\/v2\/users\/4"}],"replies":[{"embeddable":true,"href":"https:\/\/autourdesjardins.net\/index.php?rest_route=%2Fwp%2Fv2%2Fcomments&post=134"}],"version-history":[{"count":80,"href":"https:\/\/autourdesjardins.net\/index.php?rest_route=\/wp\/v2\/pages\/134\/revisions"}],"predecessor-version":[{"id":2669,"href":"https:\/\/autourdesjardins.net\/index.php?rest_route=\/wp\/v2\/pages\/134\/revisions\/2669"}],"wp:attachment":[{"href":"https:\/\/autourdesjardins.net\/index.php?rest_route=%2Fwp%2Fv2%2Fmedia&parent=134"}],"curies":[{"name":"wp","href":"https:\/\/api.w.org\/{rel}","templated":true}]}}

Présentation

<h2 style="text-align: center;"><a href="http://autourdesjardins.net/wp-content/uploads/2026/03/Programme-2026.pdf" target="_blank" rel="noopener">Ca y est le programme d&rsquo;activités 2026 est arrivé !</a></h2>
<h2 style="text-align: left;"><span style="color: #800000;">Ce site attend vos contributions en photos et en textes pour partager vos expériences vos idées, vos visites de jardins, vos trucs et astuces, vos conseils à partager avec tous&#8230;</span></h2>
<h2>une seule adresse mail : <a href="mailto:contact@autourdesjardins.net" target="_blank" rel="noopener">contact@autourdesjardins.net</a></h2>
<h2 style="text-align: left;">Notre<em> association propose à ses adhérents un éventail de manifestations en rapport avec les jardins, conférences thématiques, visites de jardins, ateliers d’art floral, de savoir-faire, conseils de professionnels, troc de plantes, achats groupés, repas à thèmes.</em><br />
<em>Ces activités nous ont tout naturellement conduits à nous réunir autour du Domaine de l’Abbaye de Thiron-Gardais afin d’en renforcer l’attrait touristique.</em></h2>
<h2><em>C&rsquo;est ainsi que nous organisons des animations en rapport avec les végétaux qui y sont plantés (taille, bouturage, jardin des simples, plantes tinctoriales, vente de la production du jardin).</em></h2>
<h2 style="text-align: left;"><em>Chaque année, notre assemblée générale a lieu fin mars, au domaine de l&rsquo;Abbaye à Thiron-Gardais. C&rsquo;est l’occasion pour nous d&rsquo;y présenter la nouvelle carte de membre, retenue par un jury à partir des photos proposées par nos adhérents sur un thème donné.</em></h2>
<h2><img decoding="async" class=" alignleft" src="http://www.perchethironnais.com/images/pages/domaine_abbaye/autour_des_jardins4.jpg" alt="" align="right"></h2>
<h2><img decoding="async" class=" alignleft" src="http://www.perchethironnais.com/images/pages/domaine_abbaye/autour_des_jardins2.jpg" alt="" align="right"></h2>
<h2><em>La cotisation de 15 euros pour l’année vous permettra de participer à toutes les activités organisées par l’association.</em></h2>
<h2 style="text-align: center;"><strong><span style="color: #008000;"><em> Pour nous rejoindre cliquer <a style="color: #008000;" href="http://autourdesjardins.net/?page_id=2" target="_blank" rel="noopener noreferrer">ICI&nbsp;&nbsp;</a></em></span></strong></h2>

<p>Ca y est le programme d&rsquo;activités 2026 est arrivé ! Ce site attend vos contributions en photos et en textes pour partager vos expériences vos idées, vos visites de jardins, vos trucs et astuces, vos conseils à partager avec tous&#8230; &hellip; <a href="https://autourdesjardins.net/">Continuer la lecture <span class="meta-nav">&rarr;</span></a></p>
