{"id":2,"date":"2013-06-12T12:05:02","date_gmt":"2013-06-12T11:05:02","guid":{"rendered":"http:\/\/autourdesjardins.net\/?page_id=2"},"modified":"2022-09-09T08:39:55","modified_gmt":"2022-09-09T07:39:55","slug":"page-d-exemple","status":"publish","type":"page","link":"http:\/\/autourdesjardins.net\/?page_id=2","title":{"rendered":"Contactez-nous"},"content":{"rendered":"<p><span style=\"color: #008000; font-weight: bold; font-size: 16px;\">Pour nous contacter&nbsp;:<\/span><\/p>\n<p style=\"padding-left: 60px;\">Les membres du bureau :<\/p>\n<ul>\n<li style=\"list-style-type: none;\">\n<ul>\n<li style=\"list-style-type: none;\">\n<ul>\n<li style=\"list-style-type: none;\">\n<ul>\n<li style=\"list-style-type: none;\">\n<ul>\n<li style=\"list-style-type: none;\">\n<ul>\n<li>Patricia Decaudin , pr\u00e9sidente&nbsp; &nbsp; &nbsp; &nbsp; &nbsp; &nbsp; :&nbsp; 06-62-71-97-15<\/li>\n<li>Michel Jourdain, vice-pr\u00e9sident&nbsp; &nbsp; &nbsp; &nbsp; &nbsp;:&nbsp; 06-03-31-99-36<\/li>\n<li>Jocelyne Franchet, tr\u00e9sori\u00e8re&nbsp; &nbsp; &nbsp; &nbsp; &nbsp; &nbsp; &nbsp; :&nbsp;&nbsp;06-79-43-28-70<\/li>\n<li>Dominique Franchet, secr\u00e9taire &nbsp; &nbsp; &nbsp; &nbsp; &nbsp;: 06-85-27-66-96<\/li>\n<\/ul>\n<\/li>\n<li style=\"list-style-type: none;\">&nbsp; &nbsp;<\/li>\n<li style=\"list-style-type: none;\">&nbsp; &nbsp; &nbsp; Adresse e-mail de l&rsquo;association &nbsp; &nbsp; &nbsp; &nbsp; &nbsp; &nbsp;: <a href=\"mailto:contact@autourdesjardins.net\" target=\"_blank\" rel=\"noopener noreferrer\">contact@autourdesjardins.net<\/a><\/li>\n<\/ul>\n<\/li>\n<\/ul>\n<\/li>\n<\/ul>\n<\/li>\n<\/ul>\n<\/li>\n<\/ul>\n<p><strong><span style=\"color: #008000;\">Pour nous rejoindre :<\/span><\/strong><\/p>\n<p style=\"padding-left: 60px;\">Envoyez&nbsp;\u00e0&nbsp; : Jocelyne FRANCHET &#8211; 2, rue de la Vieille Cour &#8211; 28400 MARGON<\/p>\n<ul>\n<li>Vos nom, adresse, t\u00e9l\u00e9phone, e-mail<\/li>\n<li>Un ch\u00e8que de 15 \u20ac&nbsp;<i>(\u00e0 l\u2019ordre de Autour des Jardins)<\/i><\/li>\n<\/ul>\n<p>&nbsp;<\/p>\n<p><center><img decoding=\"async\" src=\"http:\/\/www.perchethironnais.com\/images\/pages\/domaine_abbaye\/autour_des_jardins_ag.jpg\" alt=\"\"><\/center><\/p>\n","protected":false},"excerpt":{"rendered":"<p>Pour nous contacter&nbsp;: Les membres du bureau : Patricia Decaudin , pr\u00e9sidente&nbsp; &nbsp; &nbsp; &nbsp; &nbsp; &nbsp; :&nbsp; 06-62-71-97-15 Michel Jourdain, vice-pr\u00e9sident&nbsp; &nbsp; &nbsp; &nbsp; &nbsp;:&nbsp; 06-03-31-99-36 Jocelyne Franchet, tr\u00e9sori\u00e8re&nbsp; &nbsp; &nbsp; &nbsp; &nbsp; &nbsp; &nbsp; :&nbsp;&nbsp;06-79-43-28-70 Dominique Franchet, secr\u00e9taire &hellip; <a href=\"http:\/\/autourdesjardins.net\/?page_id=2\">Continuer la lecture <span class=\"meta-nav\">&rarr;<\/span><\/a><\/p>\n","protected":false},"author":4,"featured_media":0,"parent":0,"menu_order":0,"comment_status":"closed","ping_status":"closed","template":"","meta":{"ngg_post_thumbnail":0,"spay_email":""},"jetpack_sharing_enabled":true,"jetpack_shortlink":"https:\/\/wp.me\/P3ExMr-2","_links":{"self":[{"href":"http:\/\/autourdesjardins.net\/index.php?rest_route=\/wp\/v2\/pages\/2"}],"collection":[{"href":"http:\/\/autourdesjardins.net\/index.php?rest_route=\/wp\/v2\/pages"}],"about":[{"href":"http:\/\/autourdesjardins.net\/index.php?rest_route=\/wp\/v2\/types\/page"}],"author":[{"embeddable":true,"href":"http:\/\/autourdesjardins.net\/index.php?rest_route=\/wp\/v2\/users\/4"}],"replies":[{"embeddable":true,"href":"http:\/\/autourdesjardins.net\/index.php?rest_route=%2Fwp%2Fv2%2Fcomments&post=2"}],"version-history":[{"count":18,"href":"http:\/\/autourdesjardins.net\/index.php?rest_route=\/wp\/v2\/pages\/2\/revisions"}],"predecessor-version":[{"id":2246,"href":"http:\/\/autourdesjardins.net\/index.php?rest_route=\/wp\/v2\/pages\/2\/revisions\/2246"}],"wp:attachment":[{"href":"http:\/\/autourdesjardins.net\/index.php?rest_route=%2Fwp%2Fv2%2Fmedia&parent=2"}],"curies":[{"name":"wp","href":"https:\/\/api.w.org\/{rel}","templated":true}]}}